3
Let u(a) = a + 12. Let k be u(-9). Suppose -1 = -k*x + 5. What is the units digit of x?
2
Let i(l) be the second derivative of 13*l**5/20 - l**4/6 + l**3/6 + 3*l. What is the tens digit of i(1)?
1
Let f(l) = 2*l**3 - 2*l**2 - 3*l + 3. Let m be f(2). Let o = 6 + m. What is the units digit of o?
1
Suppose -b = -3*b + 2*p + 136, 0 = -5*b + 4*p + 344. Suppose 0 = 2*u - 5*u + b. What is the tens digit of u?
2
Suppose h - 3*o = 58, -181 = -4*h - o - 4*o. What is the units digit of h?
9
Let d(h) = 0*h**2 - 3*h**2 + h + 2*h**2. Let i be d(1). What is the tens digit of (-90)/(-6) + 1 + i?
1
Let p be 1*(-2 - 3)*-2. Let w be 64/10 + (-4)/p. Let q(d) = d - 5. What is the units digit of q(w)?
1
What is the hundreds digit of ((1860/(-8))/(-3))/((-1)/(-2))?
1
Suppose 2*i + i - 99 = -2*f, 5*i - 53 = -f. What is the tens digit of f?
4
Let k = -18 - -25. Let j(n) = n**3 - 9*n**2 + 3*n - 8. Let y be j(9). Let c = y - k. What is the tens digit of c?
1
Suppose -u = 2*k + 19, -4*u - 44 = 5*k + 17. Let t = u - -13. What is the units digit of t?
4
What is the units digit of 1 + 95 + (-84)/(-28)?
9
Suppose -4*m = -3*m - 2. Suppose -7 = -3*y + m. What is the units digit of y?
3
Suppose -c + 4*g + 16 = 0, 5*c - 4*g = -3*g - 15. Let p be 2 - c - (0 + -1). Suppose 0 = 4*h + 3*l - p, 3*h - 7 = -3*l - l. What is the units digit of h?
1
Suppose -15 = -o + 9. What is the units digit of o?
4
Suppose -4*w - 3 = 1. Let c be 12/w*1/(-2). What is the units digit of 1/((-3)/c) - -9?
7
Let z = 20 - 9. Suppose 6 = x - z. What is the tens digit of x?
1
Suppose -2*p - 2*g = 0, 0 = -0*p - 3*p - 4*g - 2. Let a be -6*-5*3/p. Suppose 0 = -4*x + f + a, -5*f - 11 - 5 = -x. What is the units digit of x?
1
Suppose -4*m + 73 = 3*o - 70, 0 = -m + 2*o + 22. What is the units digit of m?
2
Let b = 9 - 4. Let w = b - 34. Let y = -19 - w. What is the units digit of y?
0
Let q = -7 - -8. Suppose -j - q = -21. Suppose 0 = 5*a + 2*b - 100, -a - 2*b = -6*b - j. What is the tens digit of a?
2
Let z be (-4)/6*(-60)/8. Suppose -z*g = 5 - 0. Let n = 3 - g. What is the units digit of n?
4
Suppose 3*o = 88 + 104. Suppose 0 = -0*c + 2*c - o. Let j = c - 16. What is the units digit of j?
6
Let o(s) = -s**3 + 3*s**2 - s. Let w be o(2). Let r be w/3 - 5/3. What is the units digit of r - (-21)/(2 + 1)?
6
Let d(u) = -3 + 4 + 2*u - u. Let n be d(4). Suppose 0 = -n*o + 3*i + 45 + 8, -37 = -4*o - 3*i. What is the units digit of o?
0
Let t(g) = 2*g + 1 - g + 8*g**3 - 12*g**3. Let p be t(-1). Suppose 8 = p*v - 2*z + z, -3*v - 9 = 3*z. What is the units digit of v?
1
Suppose 2*n + 10 = n. Let m(h) = -h**2 - 11*h - 5. Let v be m(n). Suppose v*i = -0*i + 40. What is the units digit of i?
8
Let v be (-1)/3 + (-80)/(-24). Suppose -4*t + 60 = -2*n, -4*t + 5*n + 49 = -11. Suppose -w + v*r = -t, -30 = -4*w - 3*r - 0*r. What is the units digit of w?
9
Suppose 3*k + 45 = -3*y, 4*y + 1 = 3*k + 18. Let c be 4/(-4) + 0 + 1. Let m = c - k. What is the units digit of m?
1
What is the hundreds digit of (-4)/(-18) - 1150/(-9)?
1
Let s(f) = 6*f + f - 4*f - 1 - 8. Let l be (21/(-9))/((-2)/6). What is the tens digit of s(l)?
1
Let k(t) = t + 7. Let s be k(-5). Let o = s - -3. Suppose -2*v - z + 1 + 1 = 0, -3*v + o*z = -16. What is the units digit of v?
2
Suppose -l - 10 + 8 = 0. Let u = 6 - l. What is the units digit of u?
8
Let c(a) = -a**3 + 15*a**2 + 4*a + 10. What is the tens digit of c(15)?
7
Let j be 2/(-1 - 5/(-3)). Let n(u) = u**2 - 8*u + 9. Let d be n(7). Let b = j - d. What is the units digit of b?
1
Let x(z) = -z**2 + 14*z - 16. Let b be x(13). Let i = b + 11. What is the units digit of i?
8
Let k = -79 - -149. What is the units digit of k/8 + 9/36?
9
Let d = -1 + 8. Let b = d - 5. What is the units digit of b?
2
Let s = -23 - -32. Let r = s - 1. What is the units digit of r?
8
Let w be (6/4)/((-4)/(-56)). Let m(h) = h**3 + 4*h**2 - 2*h - 5. Let z be m(-4). Suppose 2*q + w = z*v, 5 = 4*v + 3*q - 40. What is the units digit of v?
9
Let v(o) = 3*o**2 + o**3 + 2 + 0*o - 5*o**2 - 2*o - 4*o**3. Let y be v(-2). Suppose 3*n - 54 = -3*z, -7*z + y = n - 2*z. What is the tens digit of n?
1
Suppose 4*c + 3*q = 149, 0 = 3*c + 3*q + 2*q - 109. What is the tens digit of c?
3
What is the hundreds digit of -4 + 4*(-122)/(-4)?
1
Let t = -18 - -28. What is the units digit of t?
0
Let t(h) = 7*h**3 + 15*h**2 + 7*h + 9. Let y(r) = 4*r**3 + 8*r**2 + 4*r + 5. Let u(s) = -3*t(s) + 5*y(s). What is the units digit of u(-5)?
3
Let k(g) = -2*g. Suppose -17 - 12 = 3*u - 5*x, 3*u + 25 = x. Let b be u - (-1 + 2)*-2. What is the units digit of k(b)?
2
Let s(m) = m**3 + 4*m**2 - 5*m + 1. What is the units digit of s(-5)?
1
Let c(a) = 12*a - 16. What is the tens digit of c(8)?
8
Suppose -2*s = s + 69. Let v = -13 - s. What is the tens digit of v?
1
What is the units digit of 4/16 + 254/8?
2
Suppose -h - 4*h + 11 = -3*t, h = 5*t - 11. Suppose -11 = -3*n + 4*m, -n + t*m = -0*m + 3. What is the units digit of n?
9
Let w be (5 - 2 - 0) + -3. Suppose 0 = 4*j, q - 17 = -w*j - 2*j. What is the tens digit of q?
1
Suppose -2 - 2 = 2*n. Let k = -13 - -13. What is the units digit of (k - n)*(0 + 1)?
2
Suppose 4*c - 964 = 2*o + o, 0 = -5*o + 20. What is the tens digit of c?
4
Suppose 3*h + 2*h - 10 = 0. Suppose h*w - 15 = -w. Suppose 3*q + 12 = w*q. What is the units digit of q?
6
Suppose -87 = -r - 10. What is the tens digit of r?
7
Suppose -2*s - 4*k = -k - 17, 0 = 4*k - 12. Suppose 0*u = -u + 2*j + 13, -4*u - s*j = -100. What is the tens digit of u?
2
Let v be 140/2*-1 - 2. What is the units digit of v/28*14/(-3)?
2
Let c(y) = -5*y**2 + 16*y + 27. Let q(j) = -3*j**2 + 11*j + 18. Let x(o) = -5*c(o) + 8*q(o). Let u be x(-9). What is the units digit of (-2)/(-1)*u/4?
9
Let k be 7 - 15 - (-3 + 1). Let r(p) = -3*p. What is the tens digit of r(k)?
1
Suppose d + 0*d + 3 = 0. Let q = d - -4. What is the units digit of q?
1
Suppose -8*u - 14 + 174 = 0. What is the units digit of u?
0
Let r = -2 + 68. What is the units digit of r?
6
Let v = 1 - 17. What is the units digit of ((-22)/8)/(2/v)?
2
Let t be (-2)/(0 + -1) - 0. Let o be t/(1 + 1/(-2)). Suppose -o*f - 7 = -43. What is the units digit of f?
9
Let d(v) = -v**2 + 7*v + 1. Let n be d(6). Suppose y - n = -0*y. What is the units digit of y?
7
Let h(f) = f**2 - f. Let o be h(4). Suppose j + 3*j = c - 34, -3*j = o. What is the units digit of c?
8
Let f = -1 - 0. Let j be ((-4)/(-8))/(f/(-4)). What is the units digit of 11/(((-2)/j)/(-1))?
1
Let w be -17*((-6)/(-3) + -3). Let k = w + -10. Let o = 2 + k. What is the units digit of o?
9
Suppose 5*h + 3*n = 1, -2*h + 6*n + 19 = n. Suppose -2*m + h + 0 = 0. What is the units digit of m?
1
Let w = -12 + 16. What is the units digit of 30 - (8 + -4) - w?
2
What is the tens digit of (-1)/((-372)/92 - -4)?
2
Suppose -18*j = -6*j - 1572. What is the tens digit of j?
3
Suppose 4*r + 12 = 0, 3*q + 24 = 6*q + 4*r. What is the units digit of q?
2
Suppose -3*n + 6 = -2*u, 3*u = -3*n + 2*u + 6. Suppose -5 = -t + 3*m, -n*t - 7 = -5*m - 19. What is the units digit of t?
1
Suppose -4*j - 2*m + 161 = m, 3*m = 4*j - 143. What is the units digit of j?
8
Let p be 9/6*2/(-1). What is the units digit of 3 - (-8 - (3 + p))?
1
Suppose -5*v = c + 4*c, 2*v = 0. Let w be c/2 + 2 + -18. Let k = w - -22. What is the units digit of k?
6
Suppose 1 = 4*a - 3*k - 13, 2*a + 3*k + 2 = 0. Suppose -a*d + 41 = -3. What is the units digit of d?
2
Let y = -54 - -35. Let s = y + 31. What is the tens digit of s?
1
Let f be (3 + -4)*207*-1. Let y = 114 - f. What is the tens digit of y/(-6) + 2/(-4)?
1
What is the tens digit of ((-152)/10)/((-96)/240)?
3
Suppose 4*n - q - 166 = 47, -5*q - 129 = -2*n. Suppose m = 5*m - n. What is the units digit of m?
3
Let a(f) = f - 123. Let t be a(0). What is the units digit of (-2)/10 + t/(-15)?
8
Suppose -30 + 3 = u. Let o = u + 48. What is the units digit of o?
1
Suppose 0 = 2*h - a - 33, 24 = h - 0*a - 2*a. What is the tens digit of h?
1
Let w = 3 + -2. Suppose 0 = -3*c + 4*z + 10, 3*c - 26 = -7*z + 3*z. Let d = c - w. What is the units digit of d?
5
Suppose -3*l + 249 = -0*l. What is the units digit of l/5 - 2/(-5)?
7
Let j = -50 - -192. Let t = -96 + j. What is the units digit of t?
6
Suppose 4*j + 226 = 4*i + 70, -4*j - i - 146 = 0. Let q = j + 62. What is the tens digit of q?